Let u = -348 - -620. Calculate the highest common divisor of u and 17.
17
Let m(r) = -r**3 - 6*r**2 + 16*r + 3. Let h be m(-8). What is the greatest common divisor of 9 and h?
3
Suppose -p = -4*p + 153. Let g(t) = t**2 - 26*t - 86. Let o be g(-4). What is the highest common factor of p and o?
17
Let s(u) = 4*u**2 - 2*u + 221. Let c be s(0). What is the highest common factor of 51 and c?
17
Let b be (3*(-8)/6)/1. Let m be (b/6)/(6/(-9)). What is the greatest common divisor of m and 2?
1
Let x(h) = h**2 - 3*h - 5. Let r be x(5). Let n(u) = u**2 + u + 3. Let g be n(r). Let z be (7 - 12)*(11/(-5))/1. What is the greatest common divisor of g and z?
11
Let d(b) = b**2 - 2*b + 3*b**2 - 2*b**2 - b**3 - 5*b**2 - 5. Let r be d(-3). Suppose 21 = h + 2*h. Calculate the highest common divisor of h and r.
1
Let d(p) be the first derivative of 4*p**2 - 14*p + 1. Let a be d(5). What is the greatest common divisor of 130 and a?
26
Let f = 2289 - 1918. Calculate the highest common divisor of 212 and f.
53
Let y be 8/10*315/42. What is the highest common divisor of 366 and y?
6
Let u(d) = 7*d - 15. Let t be u(5). Calculate the greatest common divisor of 12 and t.
4
Suppose -4*h = 2*u - 166, -5*u - 122*h + 431 = -120*h. What is the greatest common factor of 1131 and u?
87
Let i(n) = 70*n - 116. Let o be i(6). Calculate the greatest common divisor of 64 and o.
16
Let o be -10 + 13 - (-2)/2. Suppose 0 = 3*p + o*r - 501, -3*p = -3*r - 309 - 213. What is the highest common divisor of 19 and p?
19
Let f = 266 - 71. Suppose 0 = 4*d - j - 33 - 29, 2*d = 4*j + 38. What is the greatest common divisor of d and f?
15
Suppose 398 = 4*s - 2*d, -4*s = s - 4*d - 490. Calculate the highest common divisor of s and 6.
6
Let q = 37 + -18. Suppose -2*k - 272 = -348. What is the highest common factor of k and q?
19
Let h = -11 + 40. Suppose 65 = h*t - 24*t. Let p be (-2)/4*(-78 - 0). Calculate the highest common factor of p and t.
13
Suppose -5*d - 60 = 3*a, 0 = -5*d + 3*d - 2*a - 24. Let s(i) = -19 - i + 1 - 4*i. Let h be s(d). Calculate the highest common factor of 14 and h.
14
Let l = 833 + -620. What is the greatest common divisor of 497 and l?
71
Suppose 2*c + 3*j - 292 = 0, -2*j + 59 - 55 = 0. Let o = 4 - -9. Calculate the highest common factor of o and c.
13
Let y be 3*3 + (-5)/15*3. Suppose -5*w - 45 = -y*w. Calculate the greatest common factor of w and 150.
15
Let q = -13 - -53. What is the greatest common factor of q and 100?
20
Let y be ((-160)/(-72))/((-2)/3)*-21. Suppose -4*h + h - z + 130 = 0, -5*z = -h + y. What is the highest common factor of h and 60?
15
Let j(w) = 2*w**3 + w**2 - 4. Let m be j(2). Suppose 3*p - 2 = m. Calculate the greatest common factor of p and 6.
6
Let r(m) = -m**3 + m - 4. Let u = -21 - -18. Let b be r(u). Calculate the greatest common divisor of 10 and b.
10
Let z = -63 + 54. Let d be (-45)/(-2)*(1 - 21/z). Let j = -7 - -22. Calculate the greatest common divisor of j and d.
15
Let f be ((-50)/3)/((-1)/3). Calculate the highest common factor of f and 250.
50
Suppose -5*g = 2*z - 145, z - 34 = 4*g + 6. Calculate the highest common factor of 45 and z.
15
Let y be (-1 + -2)*4/(-3). Suppose 0*k + 16 = y*k. Suppose k*x - 165 = -x. Calculate the highest common divisor of x and 22.
11
Suppose 2*r - 42 - 6 = 0. What is the greatest common factor of r and 240?
24
Let j = -187 + 196. What is the greatest common factor of 30 and j?
3
Let l(t) = -t**2 + 54*t - 283. Let j be l(43). Calculate the greatest common divisor of 20 and j.
10
Suppose 0 = 23*v - 27*v + 12. Let d be (7/2 - v)*-4. Let j(m) = 23*m**2 - 4. Let u be j(d). What is the highest common factor of 22 and u?
22
Suppose -2705 = -10*k - 365. What is the highest common factor of 18 and k?
18
Suppose r - 136 = 2*c, -3*c + 162 + 201 = 3*r. What is the highest common divisor of 14 and r?
14
Let w be 5/(10/(-8)) + 2. Let u = w + 7. Suppose -90 + 37 = -5*y + h, -u*h = 15. Calculate the highest common divisor of 10 and y.
10
Let v = -68 - -72. Suppose -2*h = v*h - 30. What is the greatest common factor of 55 and h?
5
Let f(m) = 5*m**2 - 6*m + 4. Let u be f(1). Let t = -3 - -5. Suppose 0 = -o, u*o = -t*i - 2*i + 180. Calculate the greatest common divisor of 5 and i.
5
Suppose -2*h + 67 = -165. What is the highest common divisor of 87 and h?
29
Let o(v) = 7*v**2 - 89*v - 23. Let y be o(13). What is the greatest common divisor of 129 and y?
3
Let r(x) = 15*x**3 - x**2 + x. Let s be r(1). Suppose 2*c = 4*v - 128, 7*c = -5*v + 3*c + 134. Calculate the greatest common factor of s and v.
15
Let l be 5/((-3)/(-18)*15). Suppose 4*s - 5*c + 9 = 0, -s - 1 = 2*c - l. Let g(u) = -59*u - 1. Let w be g(s). What is the highest common divisor of w and 145?
29
Let p(b) = -b**3 + 6*b**2 - b - 9. Let r(k) = k**3 - 2*k + 4. Let f be r(0). Let x be p(f). Calculate the highest common divisor of 57 and x.
19
Let j be ((-32)/72)/((-12)/1242). What is the highest common divisor of j and 621?
23
Suppose -t = -2*t + 4. Let j(s) = s - 9. Let c be j(12). Suppose z - 40 = -c*z. Calculate the greatest common factor of z and t.
2
Let t be (9 - 19)*(-5 + -5). Let n be 1128/28 + (-2)/7. Calculate the highest common factor of t and n.
20
Suppose s - 2054 = -6*b, -2*b + 6*b + s - 1370 = 0. Calculate the greatest common divisor of 54 and b.
18
Let r(m) = -m**3 - 7*m**2 - 8*m + 13. Let g be r(-5). Suppose s = g*j - 661, -224 = -j + 4*s - 0*s. Calculate the highest common divisor of 20 and j.
20
Let l(j) = -j**3 + 4*j**2 + 5*j + 4. Let u be l(5). Let i(z) = z + 11. Let w be i(u). Calculate the greatest common factor of 15 and w.
15
Suppose 0 = -2*n + 4*x + 6, -5*n + 5*x - 2*x + 15 = 0. Suppose -n*m = m - 112. Let k be m/6 - (-3)/9. Calculate the highest common factor of k and 40.
5
Let t be 214/14 + (96/(-42))/8. Suppose 0 = f - 3*w + 20, f + 6 = -3*w + 10. Let m = -2 - f. What is the highest common divisor of t and m?
3
Suppose 5*m - 4 = -24. Let u = m - -9. Suppose 28 - 193 = -u*y. What is the highest common factor of y and 3?
3
Let m = 2 - 2. Suppose -114 = -2*p - m*p. Let u = p - 40. Calculate the highest common factor of u and 17.
17
Let k be (-299)/23*(-1 + 0). Let u = -20 - -101. Suppose 4*n - 3*t = 2*n + u, -3*n = t - 116. What is the greatest common factor of n and k?
13
Let b be (24 + (22 - 13))*(-4)/(-6). What is the greatest common factor of b and 297?
11
Let x(k) = -k**3 - 2*k**2 + 3*k - 1. Let j be x(-3). Let o be (-9112)/(-48) - j/6. Calculate the greatest common divisor of o and 38.
38
Let b = -504 + 528. Calculate the greatest common factor of b and 200.
8
Let g(p) = -p**3 - 7*p**2 - 8*p - 9. Let l be 12/(-18)*(8 + 1). Let c be g(l). Let v = -6 - -12. Calculate the greatest common divisor of c and v.
3
Suppose 4*t - 164 = -3*m + m, 4*m = t + 319. Let c(y) = 2*y + 0*y + 4 - 4*y - y**3 - 3*y**2. Let f be c(-3). What is the highest common factor of m and f?
10
Suppose -2*i + 2*r + 40 = 0, 2*i + 0*r + r = 31. Let q be (-4)/(-8) - (-370)/4. Let m = q + -8. What is the greatest common divisor of i and m?
17
Let d(z) = 0*z - 9*z - 3*z**3 - 4*z**2 - 4*z**2 + 2 + 4*z**3. Let r be d(9). Suppose r - 38 = -2*w. What is the highest common divisor of 45 and w?
9
Suppose -t = -4*t - 4*u - 3, 21 = 5*t - 2*u. Suppose -7*y + 10*y - 6 = 0. Let n = t - y. Calculate the greatest common divisor of 7 and n.
1
Let p be (-378)/(-48) - -1*(-2)/(-16). Calculate the highest common divisor of 44 and p.
4
Suppose 2990 = -84*u + 110*u. Let v(x) = x**3 - 7*x**2 + 7*x - 8. Let w be v(6). Let q be w + 2/(2/25). Calculate the highest common factor of q and u.
23
Let s(t) = -23*t - 909. Let q be s(-47). Calculate the greatest common divisor of 430 and q.
86
Let y be (-4)/(-18) - (-176)/18. Suppose 7*i - 66 + y = 0. Calculate the greatest common divisor of 64 and i.
8
Suppose -165*i + 420 = -153*i. Calculate the highest common divisor of i and 35.
35
Let g = -936 + 3989. Calculate the highest common factor of 43 and g.
43
Let g(c) = -3*c**3 - 118*c**2 - 37*c + 103. Let j be g(-39). What is the greatest common factor of j and 925?
25
Suppose -n = 8*g - 9*g + 48, 0 = -n + 5. Calculate the greatest common divisor of g and 901.
53
Suppose q + 5 = 0, 4*q + 124 = g + 8*q. Let t = 1 + 35. Suppose -8 - 82 = -5*y + 5*a, 2*y - t = -2*a. What is the highest common fact